99 and 26.
13
Calculate the greatest common factor of 180 and 96.
12
What is the highest common divisor of 20 and 1810?
10
Calculate the greatest common divisor of 576 and 414.
18
Calculate the greatest common factor of 26 and 325.
13
What is the greatest common factor of 66 and 264?
66
What is the greatest common divisor of 6250 and 100?
50
Calculate the highest common divisor of 102 and 35088.
102
What is the greatest common divisor of 360 and 72?
72
What is the greatest common factor of 48190 and 1185?
395
Calculate the highest common factor of 7434 and 63.
63
Calculate the highest common factor of 103 and 824.
103
What is the greatest common factor of 193 and 9457?
193
What is the highest common divisor of 220 and 44?
44
What is the greatest common divisor of 91 and 217?
7
Calculate the greatest common factor of 15 and 80.
5
Calculate the greatest common divisor of 21 and 669.
3
What is the highest common factor of 629 and 323?
17
Calculate the greatest common divisor of 15 and 860.
5
Calculate the greatest common factor of 104 and 1816.
8
What is the greatest common divisor of 1403 and 61?
61
Calculate the highest common divisor of 1169 and 14.
7
What is the highest common divisor of 73 and 10001?
73
Calculate the highest common factor of 20 and 112.
4
What is the greatest common divisor of 69 and 885?
3
Calculate the highest common divisor of 51 and 39.
3
What is the highest common factor of 292 and 8541?
73
What is the greatest common divisor of 286 and 33?
11
What is the greatest common factor of 943 and 123?
41
What is the highest common divisor of 4872 and 8?
8
What is the greatest common divisor of 344 and 473?
43
Calculate the greatest common divisor of 15 and 83355.
15
Calculate the highest common factor of 1448 and 72.
8
What is the greatest common factor of 168 and 196?
28
What is the highest common divisor of 222 and 102?
6
Calculate the greatest common factor of 6110 and 260.
130
What is the highest common divisor of 6744 and 3?
3
Calculate the highest common divisor of 13 and 15119.
13
Calculate the greatest common factor of 902 and 22.
22
What is the greatest common divisor of 46 and 138?
46
Calculate the highest common factor of 192 and 3.
3
What is the highest common factor of 147 and 13916?
49
Calculate the greatest common factor of 11 and 1661.
11
What is the greatest common divisor of 5754 and 28?
14
Calculate the greatest common divisor of 1860 and 100.
20
What is the greatest common factor of 7313 and 71?
71
Calculate the highest common factor of 3364 and 116.
116
What is the greatest common divisor of 1016 and 381?
127
Calculate the greatest common factor of 12 and 8.
4
Calculate the highest common divisor of 13 and 481.
13
Calculate the greatest common factor of 10 and 685.
5
What is the greatest common divisor of 36 and 18?
18
Calculate the highest common divisor of 793 and 65.
13
Calculate the greatest common divisor of 210 and 90.
30
What is the highest common divisor of 21 and 371?
7
What is the highest common factor of 224 and 2800?
112
Calculate the highest common factor of 1233 and 9.
9
What is the highest common divisor of 2 and 9?
1
Calculate the highest common factor of 94 and 329.
47
What is the highest common factor of 55 and 3883?
11
What is the greatest common divisor of 40 and 250?
10
What is the greatest common factor of 154 and 21560?
154
What is the greatest common factor of 56 and 14252?
28
What is the highest common divisor of 6 and 2?
2
Calculate the greatest common factor of 21244 and 226.
226
What is the highest common divisor of 927 and 9?
9
What is the greatest common factor of 54 and 396?
18
Calculate the highest common factor of 1472 and 36.
4
What is the greatest common divisor of 45 and 78750?
45
What is the greatest common factor of 286 and 176?
22
What is the highest common factor of 45 and 30?
15
What is the highest common divisor of 320 and 120?
40
Calculate the greatest common divisor of 153 and 72.
9
What is the greatest common divisor of 1729 and 1456?
91
Calculate the greatest common divisor of 40 and 2100.
20
What is the greatest common factor of 832 and 12?
4
Calculate the greatest common divisor of 390 and 30.
30
What is the greatest common factor of 58 and 3422?
58
What is the greatest common factor of 6 and 21684?
6
Calculate the highest common factor of 6 and 54.
6
Calculate the greatest common divisor of 1460 and 73.
73
Calculate the greatest common divisor of 315 and 7.
7
Calculate the greatest common factor of 6 and 10059.
3
What is the greatest common divisor of 48 and 120?
24
What is the highest common factor of 407 and 37?
37
What is the highest common factor of 74 and 44474?
74
What is the highest common factor of 598 and 92?
46
Calculate the highest common divisor of 77 and 418.
11
Calculate the highest common factor of 14 and 140.
14
What is the highest common divisor of 78 and 4134?
78
Calculate the greatest common divisor of 88 and 924.
44
Calculate the highest common factor of 7364 and 28.
28
Calculate the highest common divisor of 414 and 782.
46
What is the greatest common divisor of 1391 and 13?
13
What is the greatest common factor of 20 and 14470?
10
What is the greatest common divisor of 1407 and 21?
21
Calculate the greatest common divisor of 1 and 135.
1
What is the highest common divisor of 46 and 138?
46
What is the highest common factor of 220 and 836?
44
What is the greatest common factor of 63 and 144?
9
Calculate the highest common factor of 55 and 220.
55
Calculate the greatest common factor of 5 and 89.
1
What is the highest common divisor of 128 and 4096?
128
Calculate the highest common factor of 20 and 390.
10
What is the greatest common divisor of 575 and 92?
23
What is the greatest common divisor of 3948 and 84?
84
What is the greatest common factor of 765 and 5?
5
Calculate the highest common divisor of 16052 and 4.
4
What is the greatest common factor of 22 and 67342?
22
Calculate the highest common factor of 7 and 378.
7
What is the greatest common divisor of 1107 and 27?
27
What is the highest common factor of 1105 and 65?
65
Calculate the greatest common factor of 502 and 2.
2
What is the greatest common divisor of 92 and 50?
2
What is the greatest common divisor of 10 and 120?
10
What is the highest common factor of 84 and 6440?
28
What is the highest common factor of 8085 and 5?
5
What is the greatest common divisor of 80 and 13840?
80
What is the greatest common factor of 40 and 190?
10
Calculate the highest common divisor of 703 and 333.
37
What is the highest common divisor of 108 and 26?
2
What is the highest common factor of 32 and 544?
32
What is the greatest common factor of 575 and 207?
23
Calculate the greatest common divisor of 5 and 245.
5
Calculate the highest common factor of 144 and 64.
16
Calculate the greatest common divisor of 321 and 214.
107
Calculate the greatest common factor of 26 and 182.
26
What is the greatest common divisor of 481 and 26?
13
What is the highest common divisor of 3 and 15?
3
What is the greatest common divisor of 748 and 3872?
44
Calculate the greatest common factor of 326 and 815.
163
Calculate the highest common divisor of 2695 and 147.
49
Calculate the greatest common factor of 143 and 121.
11
Calculate the greatest common divisor of 49 and 497.
7
Calculate the highest common factor of 156 and 442.
26
Calculate the highest common factor of 125150 and 25.
25
Calculate the greatest common factor of 968 and 16.
8
What is the highest common divisor of 960 and 30?
30
What is the greatest common divisor of 5 and 235?
5
Calculate the greatest common factor of 14362 and 430.
86
What is the highest common divisor of 28 and 308?
28
Calculate the highest common divisor of 17252 and 228.
76
What is the highest common divisor of 7635 and 15?
15
What is the greatest common factor of 31632 and 48?
48
Calculate the greatest common divisor of 49 and 161.
7
Calculate the highest common divisor of 9384 and 84.
12
What is the greatest common factor of 627 and 33?
33
What is the highest common divisor of 59 and 4?
1
Calculate the greatest common divisor of 33 and 4422.
33
What is the greatest common divisor of 470 and 10?
10
Calculate the greatest common factor of 770 and 70.
70
What is the greatest common